{"id":367,"date":"2015-07-09T22:25:40","date_gmt":"2015-07-09T22:25:40","guid":{"rendered":"http:\/\/livebiennale.ca\/?page_id=367"},"modified":"2015-07-09T22:25:40","modified_gmt":"2015-07-09T22:25:40","slug":"2011-pedro-guillen-cuevas","status":"publish","type":"page","link":"https:\/\/livebiennale.ca\/2015\/2011-pedro-guillen-cuevas\/","title":{"rendered":"2011 Pedro Guill\u00e8n Cuevas"},"content":{"rendered":"<h3>Pedro Guill\u00e8n Cuevas<\/h3>\n<h6>Mexico<br \/>\nFOLLY<br \/>\nTuesday, Septemper 20th, 2011<br \/>\nGallery Gachet, 7:00 PM<\/h6>\n<h4>Biogrpahy<\/h4>\n<blockquote>\n<p style=\"text-align: left\">Pedro Guill\u00e8n Cuevas aka Tecuani Chen (Contributing Performance Artist)<br \/>\nPedro Guill\u00e8n Cuevas is an multidisciplinary artist from Veracruz, Mexico, who works in the mediums of painting, drawing, and performance art. His performance art work is inspired by the shamanic tradition of Mexico, and he works within the ritualistic tradition of performance art, with the idea of moving energy in order to promote change and healing. Guillen Cuevas make objects of spiritual power as art works in the shamanic tradition. He has created performances since 1994, and has exhibited in Mexico, Cuba and Canada. Cuevas is a past artist member of Gallery Gachet. He is currently studying an MFA at the University of Carmen, Campeche MFA (UNACAR) and has a BFA in painting and sculpture from University of Veracruz.<\/p>\n<\/blockquote>\n","protected":false},"excerpt":{"rendered":"<p>Pedro Guill\u00e8n Cuevas Mexico FOLLY Tuesday, Septemper 20th, 2011 Gallery Gachet, 7:00 PM Biogrpahy Pedro Guill\u00e8n Cuevas aka Tecuani Chen (Contributing Performance Artist) Pedro Guill\u00e8n Cuevas is an multidisciplinary artist [&hellip;]<\/p>\n","protected":false},"author":2,"featured_media":0,"parent":0,"menu_order":0,"comment_status":"open","ping_status":"closed","template":"","meta":{"footnotes":""},"class_list":["post-367","page","type-page","status-publish","hentry"],"_links":{"self":[{"href":"https:\/\/livebiennale.ca\/2015\/wp-json\/wp\/v2\/pages\/367","targetHints":{"allow":["GET"]}}],"collection":[{"href":"https:\/\/livebiennale.ca\/2015\/wp-json\/wp\/v2\/pages"}],"about":[{"href":"https:\/\/livebiennale.ca\/2015\/wp-json\/wp\/v2\/types\/page"}],"author":[{"embeddable":true,"href":"https:\/\/livebiennale.ca\/2015\/wp-json\/wp\/v2\/users\/2"}],"replies":[{"embeddable":true,"href":"https:\/\/livebiennale.ca\/2015\/wp-json\/wp\/v2\/comments?post=367"}],"version-history":[{"count":0,"href":"https:\/\/livebiennale.ca\/2015\/wp-json\/wp\/v2\/pages\/367\/revisions"}],"wp:attachment":[{"href":"https:\/\/livebiennale.ca\/2015\/wp-json\/wp\/v2\/media?parent=367"}],"curies":[{"name":"wp","href":"https:\/\/api.w.org\/{rel}","templated":true}]}}