{"id":2294,"date":"2016-05-26T02:52:11","date_gmt":"2016-05-26T02:52:11","guid":{"rendered":"http:\/\/livebiennale.ca\/?page_id=2294"},"modified":"2016-05-26T02:52:11","modified_gmt":"2016-05-26T02:52:11","slug":"2015-marlene-renaud-b-2","status":"publish","type":"page","link":"https:\/\/livebiennale.ca\/2015\/2015-marlene-renaud-b-2\/","title":{"rendered":"2015 Marl\u00e8ne Renaud-B"},"content":{"rendered":"<h3><span style=\"color: #000000\">Marl\u00e8ne Renaud-B<\/span><\/h3>\n<h6><span style=\"color: #000000\">(Quebec)<\/span><\/h6>\n<p><strong><a href=\"https:\/\/livebiennale.ca\/2015\/blog\/marlene-renaud-b\/\">See images from LIVE 2015<\/a><\/strong><\/p>\n<p><a href=\"https:\/\/livebiennale.ca\/2015\/blog\/marlene-renauld-b\/\"><strong>See more images from LIVE 2015<\/strong><\/a><\/p>\n<p>Biography<\/p>\n<p><span style=\"color: #000000\"><a style=\"color: #000000\" href=\"https:\/\/livebiennale.ca\/2015\/wp-content\/uploads\/2015\/09\/03_sml.jpg\"><img loading=\"lazy\" decoding=\"async\" class=\"size-full wp-image-1179 alignright\" src=\"https:\/\/livebiennale.ca\/2015\/wp-content\/uploads\/2015\/09\/03_sml.jpg\" alt=\"03_sml\" width=\"600\" height=\"422\" srcset=\"https:\/\/livebiennale.ca\/2015\/wp-content\/uploads\/sites\/11\/2015\/09\/03_sml.jpg 600w, https:\/\/livebiennale.ca\/2015\/wp-content\/uploads\/sites\/11\/2015\/09\/03_sml-300x211.jpg 300w\" sizes=\"auto, (max-width: 600px) 100vw, 600px\" \/><\/a>Marl\u00e8ne Renaud-B. is a visual artist living and working in Montr\u00e9al. Strongly influenced by the phenomenons of perception lived in the everyday, she explores the porousnous of the individual in her context, paying particular attention to spaces of intermediacy . She endeavours to create porous structures by the intervention of installation, sound art, performance, sculpture and video. Recently she has presented her work in Brasil, France, Japan, Mexico, South Korea, the US and Canada. In 2013, she received the Charles Pachter Prize for Canadian Emerging Artists, awarded by the Hnatyshyn Foundation.<\/span><\/p>\n<h4><a href=\"http:\/\/www.marlenerenaudb.com\/\">http:\/\/www.marlenerenaudb.com\/<\/a><\/h4>\n","protected":false},"excerpt":{"rendered":"<p>Marl\u00e8ne Renaud-B (Quebec) See images from LIVE 2015 See more images from LIVE 2015 Biography Marl\u00e8ne Renaud-B. is a visual artist living and working in Montr\u00e9al. Strongly influenced by the [&hellip;]<\/p>\n","protected":false},"author":2,"featured_media":0,"parent":0,"menu_order":0,"comment_status":"closed","ping_status":"closed","template":"","meta":{"footnotes":""},"class_list":["post-2294","page","type-page","status-publish","hentry"],"_links":{"self":[{"href":"https:\/\/livebiennale.ca\/2015\/wp-json\/wp\/v2\/pages\/2294","targetHints":{"allow":["GET"]}}],"collection":[{"href":"https:\/\/livebiennale.ca\/2015\/wp-json\/wp\/v2\/pages"}],"about":[{"href":"https:\/\/livebiennale.ca\/2015\/wp-json\/wp\/v2\/types\/page"}],"author":[{"embeddable":true,"href":"https:\/\/livebiennale.ca\/2015\/wp-json\/wp\/v2\/users\/2"}],"replies":[{"embeddable":true,"href":"https:\/\/livebiennale.ca\/2015\/wp-json\/wp\/v2\/comments?post=2294"}],"version-history":[{"count":0,"href":"https:\/\/livebiennale.ca\/2015\/wp-json\/wp\/v2\/pages\/2294\/revisions"}],"wp:attachment":[{"href":"https:\/\/livebiennale.ca\/2015\/wp-json\/wp\/v2\/media?parent=2294"}],"curies":[{"name":"wp","href":"https:\/\/api.w.org\/{rel}","templated":true}]}}