{"id":207,"date":"2015-06-25T04:58:50","date_gmt":"2015-06-25T04:58:50","guid":{"rendered":"http:\/\/livebiennale.ca\/?page_id=207"},"modified":"2015-06-25T04:58:50","modified_gmt":"2015-06-25T04:58:50","slug":"anne-sophie-turion","status":"publish","type":"page","link":"https:\/\/livebiennale.ca\/2015\/anne-sophie-turion\/","title":{"rendered":"2011 Anne-Sophie Turion"},"content":{"rendered":"<h3>Anne-Sophie Turion<\/h3>\n<h6 style=\"text-align: left\">France<br \/>\nFriday, September 23rd, 2011<br \/>\nVIVO Media Arts Centre, 7:30 PM<\/h6>\n<p style=\"text-align: left\">Presented with the generous support of the Consulat g\u00e9n\u00e9ral de France \u00e0 Vancouver and Institut Fran\u00e7ais, Paris<\/p>\n<blockquote>\n<p style=\"text-align: left\"><em>&#8220;The imagination is the breeding ground of each of my projects. It gives me a way to show and build relationships between already existing images, and to tell a story over a multitude of stories already told. I prefer forms of broken narratives, which are testing situations, opportunities and stories rather than finite forms.&#8221;<\/em><\/p>\n<\/blockquote>\n","protected":false},"excerpt":{"rendered":"<p>Anne-Sophie Turion France Friday, September 23rd, 2011 VIVO Media Arts Centre, 7:30 PM Presented with the generous support of the Consulat g\u00e9n\u00e9ral de France \u00e0 Vancouver and Institut Fran\u00e7ais, Paris [&hellip;]<\/p>\n","protected":false},"author":2,"featured_media":0,"parent":0,"menu_order":0,"comment_status":"open","ping_status":"closed","template":"","meta":{"footnotes":""},"class_list":["post-207","page","type-page","status-publish","hentry"],"_links":{"self":[{"href":"https:\/\/livebiennale.ca\/2015\/wp-json\/wp\/v2\/pages\/207","targetHints":{"allow":["GET"]}}],"collection":[{"href":"https:\/\/livebiennale.ca\/2015\/wp-json\/wp\/v2\/pages"}],"about":[{"href":"https:\/\/livebiennale.ca\/2015\/wp-json\/wp\/v2\/types\/page"}],"author":[{"embeddable":true,"href":"https:\/\/livebiennale.ca\/2015\/wp-json\/wp\/v2\/users\/2"}],"replies":[{"embeddable":true,"href":"https:\/\/livebiennale.ca\/2015\/wp-json\/wp\/v2\/comments?post=207"}],"version-history":[{"count":0,"href":"https:\/\/livebiennale.ca\/2015\/wp-json\/wp\/v2\/pages\/207\/revisions"}],"wp:attachment":[{"href":"https:\/\/livebiennale.ca\/2015\/wp-json\/wp\/v2\/media?parent=207"}],"curies":[{"name":"wp","href":"https:\/\/api.w.org\/{rel}","templated":true}]}}